*z - u. What is the remainder when 20 is divided by r?
9
Suppose 4*o + 6 = 7*o. Suppose -o*t + 51 = -29. What is the remainder when t is divided by 22?
18
What is the remainder when 54 is divided by 4*(23/(-4) + 1)*-1?
16
What is the remainder when 313/7 - 6/(-21) is divided by (24/(-10))/((-2)/10)?
9
Suppose -3*a = -4*z - 126, 2*a + 3*a + z - 233 = 0. Let b = -60 - -76. What is the remainder when a is divided by b?
14
Let j = 160 + -153. What is the remainder when 23 is divided by j?
2
Suppose 5*g - f - 445 = 0, -g - 2*f + 178 = g. Calculate the remainder when g is divided by 13.
11
Suppose 4*i - 265 = 5*z, 2*z - 63 = -i - 0*i. What is the remainder when i is divided by 17?
14
Let f(h) = h**2 - 5*h + 8. Calculate the remainder when 38 is divided by f(6).
10
Let h be 1*-1*15/(-3). Suppose -34 - 36 = -h*u. Calculate the remainder when 41 is divided by u.
13
Suppose -p + 12 = -5*p. Let a(k) = -44*k - 29. Let i(z) = -15*z - 10. Let h(n) = 6*a(n) - 17*i(n). What is the remainder when h(p) is divided by 8?
7
Suppose -5*i - 5*b = -560, -33 + 8 = 5*b. Calculate the remainder when i is divided by 30.
27
Suppose -8*s = -3*s + 965. Let c = -137 - s. Calculate the remainder when c is divided by 19.
18
Calculate the remainder when 14 is divided by (4 - 5)/(4/(-16)).
2
Suppose 12 = 3*r + 33. Let l(v) = v**3 + 9*v**2 + 8*v - 9. What is the remainder when l(r) is divided by 18?
15
Let n = 13 + -7. Suppose -3*t + 3*z + 51 = 0, -3*t - 5*z + 45 = 10. Calculate the remainder when ((-3)/(n/(-116)))/1 is divided by t.
13
Let l(r) = 15*r - 7. Let y(v) = -1. Let f(w) = l(w) - 6*y(w). Let k(g) = -g**3 + 4*g**2 - g + 4. What is the remainder when f(2) is divided by k(3)?
9
Suppose -4*m + 4 + 8 = 0. Suppose -42 - m = -3*s. What is the remainder when 8/(-3)*s/(-10) is divided by 3?
1
Suppose 0 = -3*q + 5*m + 30, -m - 20 = -0*q - 2*q. What is the remainder when q is divided by 4?
2
Suppose 0*g + 2*g = 10. Suppose -g*j + 24 + 11 = 0. What is the remainder when j is divided by 4?
3
Let p = 119 - 111. What is the remainder when 12 is divided by p?
4
Let v = -3 + 38. What is the remainder when v is divided by 36/6*(2 + 1)?
17
Suppose 2*g = r + 1, 0 = 4*g - 4*r + 4 - 0. What is the remainder when 3 is divided by g?
1
What is the remainder when 97 is divided by 10/1*(-80)/(-32)?
22
Let m(c) = 14*c**2 - 1. Let p(z) = z**2 - 10*z + 8. Let n be p(9). Let w be m(n). Suppose 0 = -5*s + w + 22. What is the remainder when 20 is divided by s?
6
Let w = -45 + 52. Let q(d) = -d**2 - 5*d - 1. What is the remainder when w is divided by q(-4)?
1
Let y(p) = p**3 + p**2 + p + 1. Let z = 4 - -8. Suppose t - z = -3*t. What is the remainder when t is divided by y(0)?
0
Let u = 20 - -14. Calculate the remainder when u is divided by 6.
4
Let y = 83 + -31. What is the remainder when y is divided by 28?
24
Let v(d) = d**3 + 4*d**2 - 2*d - 6. Let g be v(-4). Let j be -56*((g - 1) + 0). Let u = 114 + j. What is the remainder when u is divided by 20?
18
Let u be -2 + 0 + 3 - -55. Suppose 3*p - u = -p. Suppose 5*n = -2*t - 31 + 131, -52 = -t - 3*n. Calculate the remainder when t is divided by p.
12
Let b(n) = n**2 + 1. Let w(h) = -6*h**2 - 2*h. Suppose 6*l + 20 = 2*l. Let p(y) = l*b(y) - w(y). What is the remainder when p(-6) is divided by 10?
9
Let p be (1 + -3)*10/(-4). Suppose -15 = -t + 4*n, 0 = -5*t - p*n + 12 + 88. Suppose -2*k = -3 - 11. Calculate the remainder when t is divided by k.
5
Let m(q) be the first derivative of q**4/12 - q**2 - 2*q - 3. Let f(s) be the first derivative of m(s). Calculate the remainder when f(6) is divided by 12.
10
Let q(z) = z**3 + 15*z**2 + 5*z - 13. Calculate the remainder when q(-14) is divided by 29.
26
Suppose 0 = -p + 5*y + 17, -4*y - 23 = -2*p - 7. Suppose -p*s = -3*s. Let l = 11 + s. Calculate the remainder when 31 is divided by l.
9
Suppose h = -2*z + 200, 89 + 13 = z + h. Calculate the remainder when z is divided by 34.
30
Let p(v) = -9*v - 51. Suppose 0 = 6*m - m - 115. What is the remainder when m is divided by p(-7)?
11
Suppose -44 = -4*v - 2*b, -b = -v - 4*b + 16. What is the remainder when v is divided by 6?
4
Let n be (-16)/6*(-6)/8. Suppose 3*v - 2*j = -n*v + 65, 0 = 4*v - 2*j - 54. What is the remainder when 41 is divided by v?
8
Suppose -5*r + 77 = -58. What is the remainder when r is divided by (-2 + 0)*(-63)/18?
6
Suppose -4*q - 36 = -7*q. What is the remainder when 23 is divided by q?
11
Suppose z - 258 = -2*z. What is the remainder when z is divided by 22?
20
Suppose 5*n = 4*h - 41, -4*n + h - 24 = -0*h. Let j = n - -9. Suppose 160 = j*z + z. What is the remainder when z is divided by 17?
15
Let z = 89 + -78. Calculate the remainder when 41 is divided by z.
8
Let t be 2/(-4) + (-9)/(-2). Let v = t + -1. What is the remainder when 4/1 + 0/(-1) is divided by v?
1
Let d = 4 - -5. Let j = 11 - d. Let i = 35 - j. Calculate the remainder when i is divided by 9.
6
Let i(w) = -w**3 - 8*w**2 - 3*w - 22. Suppose 0 = m - 3*d + 2, -5*m = -0*m - 5*d. What is the remainder when i(-8) is divided by -1*1 - m*-2?
0
Suppose -5*i = -4*l - 4*i + 32, 5*l - 39 = i. Calculate the remainder when l is divided by 5.
2
Suppose p = b + 13, 4 = 4*p + 8. Let m = 63 + b. Suppose 0 = t + 9 - m. Calculate the remainder when t is divided by 14.
12
Let r = 31 + -49. Let x be (r/(-15))/(1/5). Calculate the remainder when 1/x + (-430)/(-12) is divided by 19.
17
Let q(d) = -d**2 - 10*d - 11. Let o = 3 + -10. What is the remainder when 37 is divided by q(o)?
7
Let h(t) = t**3 - 5*t**2 + 9*t - 10. Let o(v) = 3*v**2 - v - 5. What is the remainder when o(4) is divided by h(4)?
9
Let j(c) = 9*c**2 - 3. What is the remainder when j(-2) is divided by 5?
3
Let f(q) = -q**3 + q**2 - q - 1. Let y be f(-1). Let u(w) = w**2 + 3*w**3 + w + y - 2*w**3 + 2*w - 2*w**3. Calculate the remainder when 23 is divided by u(-2).
7
Let n = 64 - 45. Let j = -41 + 87. Suppose -9 = -l + j. What is the remainder when l is divided by n?
17
Calculate the remainder when (-250)/(-8) - 16/64 is divided by 11.
9
Suppose -5*g - 9 + 94 = 0. Calculate the remainder when 33 is divided by g.
16
Suppose 0*f + 49 = 7*f. Suppose 3*o = -2*o + 55. Calculate the remainder when o is divided by f.
4
Let c = -30 - -45. Suppose 3*o = -c, -7*o + 75 = 5*b - 2*o. Calculate the remainder when b is divided by 7.
6
Let h(t) = -6*t + 2 - 3 - 5*t. Calculate the remainder when h(-1) is divided by 3 + (-2)/(-6)*3.
2
Let p be (-1*1)/((-1)/5). Suppose -11 = -p*s + 14. Suppose -2*q + s*q - 150 = 0. Calculate the remainder when q is divided by 17.
16
Suppose -90 = 5*m - 0*m. Let o be (-12 - -1)/(1/1). Let l = o - m. What is the remainder when 20 is divided by l?
6
Calculate the remainder when 38 is divided by -2 + 5 + (5 - 0).
6
Let z(j) = j**2 - 2*j + 2. Let b = -268 - -299. What is the remainder when b is divided by z(5)?
14
Let a be (-4 - 4/(-2)) + 126. Let k = -86 + a. Let u(f) = 13*f**3 + 2*f - 2. What is the remainder when k is divided by u(1)?
12
Suppose -4*i + 3*c + 63 = 2*c, -i + 12 = c. Suppose -3*o = -42 - i. What is the remainder when o is divided by ((-21)/(-2))/(-3)*-2?
5
Let r = 3 - 9. Let w be (3/r)/((-2)/52). Let z = w + 1. What is the remainder when z is divided by 5?
4
Suppose -5*x + 48 = -x. Let r = -6 - -6. Suppose y - 4 = -t + 19, 5*t = r. Calculate the remainder when y is divided by x.
11
Let o be (-3)/12 + (-65)/(-20). Suppose 7*a - 2*a - 160 = -4*c, -3*c = -o*a + 96. What is the remainder when a is divided by 12?
8
Let a be (-66)/8 + 4/16. What is the remainder when 67 is divided by (-138)/a - (-1)/(-4)?
16
Let n(j) = j**2 - 8*j - 13. Let h be n(9). Let c be (1 - 3)*h + -1. Suppose -c + 2 = -a. Calculate the remainder when 8 is divided by a.
3
Let f = -28 + 18. Let k = -4 - f. What is the remainder when 22 is divided by k?
4
Suppose -7 = 3*s - 34. Calculate the remainder when 23 is divided by s.
5
Let p(u) = 6*u - 2. What is the remainder when p(4) is divided by 5?
2
Suppose 5*y + 10 - 90 = 0. Let z(b) = b**3 + 7*b**2 - 3*b + 10. Calculate the remainder when z(-7) is divided by y.
15
Suppose 2*f = 4*l + 26, 26 = -5*f + 4*l + 97. Calculate the remainder when f is divided by 7.
1
Let k(c) = c**2 + c + 7. Let f be k(0). Suppose 1 = -p + f. Let b = p - 0. What is the remainder when 17 is divided by b?
5
Suppose i = 3*i